
Suppose 4*z + 0 = 12. Let v be 44/z*15/10. Let p = v + -23. Let t(l) = 2*l. Determine t(p).
-2
Suppose -3*o = -3 + 18. Let z be (10/o)/((-2)/3). Suppose -v + z = 9. Let t(m) = m**2 + 6*m + 1. Give t(v).
1
Suppose -6 + 16 = 5*q. Let z(t) = t**q + 525*t - 2 - 525*t. Give z(-4).
14
Suppose s = 6 - 5. Let w(u) = 1 + 43*u**2 - 26*u**2 - 2*u - 24*u**2. Give w(s).
-8
Let t(x) = -2*x - 13. Let f(q) = -1. Let v(l) = 2*f(l) - t(l). Let p be v(-6). Let b(h) be the third derivative of h**5/60 - h**3/6 - 3*h**2. Calculate b(p).
0
Let l(c) = -c + 1. Let z(q) = 2*q - 2. Let b(p) = 13*l(p) + 6*z(p). Let y(t) = -t**3 + 2*t**2 + 5*t. Let h be y(-3). Suppose 2*v + h - 20 = 0. Calculate b(v).
6
Let g(h) = 3*h - 16 - 22*h**3 - 2*h + 6 + 8 - 4*h. Give g(-1).
23
Let g(p) = 2*p + 58. Let x be g(-34). Let f(a) = -a**2 - 9*a + 15. Give f(x).
5
Let w(b) = -3155*b**2 - 4 + 2*b - 3156*b**2 + 6312*b**2. Give w(6).
44
Suppose 210 = -10*b + 150. Let i(v) = v**3 + 6*v**2 + 4*v + 32. Calculate i(b).
8
Suppose 5*y + 15 = -10. Let x(p) = 47*p + 54*p - 1 - 140*p + 44*p + p**2. Give x(y).
-1
Let x(g) = -g + 2. Suppose -2*j + 28 = 2*j. Let n be x(j). Let d = -3 - n. Let y(i) = -2*i**3 + 2*i**2 - 1. Calculate y(d).
-9
Suppose 4*o + 35 - 159 = 0. Let h(s) = -31 + o - 9*s. Let z = -2 + 1. What is h(z)?
9
Let z(h) = -7*h**3 + 15*h**2 + 7*h - 15. Let y(w) = 3*w**3 - 7*w**2 - 3*w + 7. Suppose -1 - 5 = 3*p. Let q(s) = p*z(s) - 5*y(s). What is q(5)?
0
Let h(u) = -12*u + 1. Let m be 3/(-2)*4/(-2). Suppose -10 = 1427*j - 1422*j. Let q be 1/(j/8) + m. Determine h(q).
13
Let h(o) = 8*o - 21. Let j be h(3). Let v(n) be the third derivative of 0*n - 1/60*n**5 + 0 + 0*n**4 - 5/6*n**j + 8*n**2. Give v(0).
-5
Let z(s) be the first derivative of -s**3/6 + 3*s**2/2 + 8*s - 3. Let h(d) be the first derivative of z(d). Give h(4).
-1
Let n(d) be the third derivative of -d**4/24 - d**3/6 + 53*d**2 - d. Give n(-2).
1
Let m(w) = 7*w - 3. Let c(k) = 4*k - 2. Let g be (0 - -2) + 18/(-6). Let t be (g + 9/6)*-10. Let x(s) = t*c(s) + 3*m(s). Give x(2).
3
Let j(s) = -s**3 - 11*s**2 + 11*s - 10. Let g be 30*(-5)/(-20)*8/(-5). Determine j(g).
2
Let w(k) be the second derivative of k**6/120 + k**5/15 + k**4/12 - 5*k**3/6 - 23*k**2/2 - 24*k. Let r(i) be the first derivative of w(i). Give r(-4).
-13
Let n(o) be the first derivative of -3*o**4/2 + o**3/3 - o**2/2 + o - 2. Let u be (1/(2/(-2)))/(-1). Determine n(u).
-5
Suppose 0*i = i - 4. Let d(a) = -4 + a**2 - i*a + 3 + 2. Let f = -1239 - -1242. What is d(f)?
-2
Let y = 9 + -6. Suppose -y*i - 22 = -7. Let c(h) = 3*h + 2 + 7 + 7*h**2 - 2*h**2 + h**3 - 4. What is c(i)?
-10
Let k(d) = 7*d + 2 - 13*d - 5 + 2*d**2 + 4*d + d. Give k(2).
3
Let k(j) be the third derivative of j**4/8 + 5*j**3/3 + 422*j**2. Calculate k(5).
25
Let q(a) = a - 3. Let k(p) = p - 4. Suppose 3*b - 3*s - 40 = -b, 4*b - 36 = 2*s. Let c be k(b). Calculate q(c).
0
Let v(m) be the second derivative of -5*m**3/6 + m**2/2 - 29*m + 3. Determine v(-5).
26
Let x(p) = -6*p + 1. Suppose 0 = -4*h + 2*h + 14. Let y(b) = -11*b + 2. Let f(z) = h*x(z) - 4*y(z). Calculate f(1).
1
Let o(h) be the first derivative of 1/12*h**4 - 1/3*h**3 - h**2 + 0*h - 3. Let f(z) be the second derivative of o(z). Give f(2).
2
Let i = 6 - 10. Let g = i - 0. Let d(s) = -34*s + 64*s - 31*s. What is d(g)?
4
Let f be ((-6 + 3)/(-6))/((-2)/(-48)). Suppose -f*v = 26 - 86. Let a(g) = 6 - 2 - 7*g - g**2 + 2*g**2. Give a(v).
-6
Let k(x) be the third derivative of -x**6/120 - x**5/10 + 5*x**4/24 - 7*x**3/6 + 2*x**2. Let i = 999 - 1006. Give k(i).
7
Let v(d) = -3*d - 3*d + 5*d + 5 + 2*d + 1. Determine v(-7).
-1
Let a be (-2)/(-16) - 50/16. Let s(v) be the second derivative of 2/3*v**3 + 0 + 5*v + 1/2*v**2 + 1/3*v**4 + 1/20*v**5. What is s(a)?
-2
Suppose -3*w = -2*w + 14. Let z = 12 + w. Let o(b) = -4*b**2 - 3*b - 2. Calculate o(z).
-12
Let w = 108 + -104. Suppose w*n = 9*n - 15. Let v(o) = o**3 - 6*o**2 + 2*o - 2. Determine v(n).
-23
Let u(o) = -2*o + 8. Let c be (-26)/6 + 1 - (-246)/738. Calculate u(c).
14
Let y(i) = -7*i - 14. Let s be (-5 + (-20)/(-1))*2/(-6). Let k(m) = 9*m + 13. Let n(w) = s*y(w) - 4*k(w). Give n(0).
18
Let m(f) = -f + 9. Suppose 5*h = a - 10, 4*a - h + 2 = 4. Let o be (3 - 2)*(a + 2). Suppose 0 = -u - o*u + 15. Determine m(u).
4
Let x(t) = t**2 - 23*t + 22. Suppose 0 = -3*y - 3*a + 72, -3*a = 10 - 16. Calculate x(y).
0
Let f = -421 - -430. Let q(u) = -7*u - 22. Calculate q(f).
-85
Let x(n) = 6 - 68*n**3 - 2*n + 69*n**3 + 2*n**2 + n. Let c be x(-3). Let a(y) = -y**3 - y + 3. Give a(c).
3
Suppose -5*v - 5*x + x = 56, -4*x = -3*v - 8. Let t(z) = 11*z**3 - 7*z**2 + 3*z - 13. Let h(c) = -4*c**3 + c + 1. Let w(j) = -3*h(j) - t(j). Determine w(v).
-6
Let h be ((-32)/(-20))/((-8)/40). Let j(m) = m**3 + 6*m**2 + 4. Let g(v) = v**2 - 1. Let t(l) = -2*g(l) - j(l). Determine t(h).
-2
Let g(y) = -y + 3. Let f be (-1)/2 + (-3)/(-2). Let o = 21 - f. Suppose 7*v - o = 11*v. Determine g(v).
8
Let x(v) be the first derivative of v**2/2 - 15*v - 128. Determine x(14).
-1
Suppose 0 = -7*r + 3*r - 540. Let b = r + 137. Let l(s) = 0*s - 2 - s - 2*s. What is l(b)?
-8
Let r(c) be the first derivative of c**3/3 - c**2/2 + c + 248. What is r(4)?
13
Suppose 0*y + 23695 = 7*y. Let j(v) = y*v + 2*v**2 - 3*v**2 + v**3 - 3386*v. What is j(0)?
0
Let u(k) be the first derivative of k**3/3 - 3*k**2 + 3*k + 283. Suppose -5*r + r + 5*t + 9 = 0, 5*t = 15. Calculate u(r).
3
Let k(r) be the third derivative of -7*r**5/60 + 7*r**4/24 + 9*r**2. Let l(h) = 10*h**2 - 11*h. Let v(y) = 7*k(y) + 5*l(y). Give v(6).
0
Let t(b) = 5*b**3 - 6*b**2 + 8*b - 12. Let f(k) = k**3 - k**2 + k - 2. Let i(v) = 6*f(v) - t(v). Suppose -5*l = -2*l + 6. What is i(l)?
-4
Let k(u) = -u**3 + 2*u**2 + 305 + 4*u - 308 + 2*u**2. Determine k(6).
-51
Suppose 19 = 21*s - 86. Let x(i) be the third derivative of i**6/120 - i**5/10 + i**4/6 + i**3 + i**2. What is x(s)?
1
Let z(h) = -h**2 - 2*h + 5. Let y(f) be the first derivative of -f**3/3 + 3*f**2/2 - 4*f - 7. Let k be y(3). Give z(k).
-3
Let h(r) = 2*r**3 - 3*r**2 - 8*r - 7. Let p(k) = k**2 + k**3 - 2*k**3 + 2*k**3 + 2*k - 3*k. Let j = -101 - -98. Let g(w) = j*p(w) + h(w). Give g(-5).
-7
Let l(p) = -p**2 + 5*p - 3. Let f be l(4). Let g(k) = k**2 + 7. Let r(j) = -j + 1. Let a(m) = f*g(m) - 6*r(m). Suppose 0*t + 12 = -2*t. Determine a(t).
1
Let z(y) be the first derivative of -y**3/6 - 7*y**2/2 + 8*y + 2. Let x(g) be the first derivative of z(g). Let m be 0 + (-5)/(5/4). Give x(m).
-3
Let g be -1 + (0 + 0 - 0). Let x = 3 + g. Let h(s) = 3*s**2 - 3*s + 17. Let a(z) = -4*z**2 + 3*z - 24. Let w(n) = 2*a(n) + 3*h(n). Give w(x).
1
Let t = -1296 + 1295. Let m(i) be the third derivative of i**6/60 - i**5/60 - i**4/12 - i**3/6 - i**2. Determine m(t).
-2
Suppose 4*d + 5*h - 3*h = 14, -3*d = -2*h - 28. Let c = -8 + d. Let k be ((-3)/c)/(3/(-6)). Let g(n) = n**3 + n**2 - 3*n + 2. Give g(k).
-7
Let w(q) = -2*q. Let a(i) = -4*i - 61. Let u(r) = -3*r - 21. Let p be u(-2). Let s be a(p). Calculate w(s).
2
Let g(w) = 3*w**2 - 2*w - 2. Let y(f) be the second derivative of -f**5/4 + 3*f. Let b be y(1). Let o = -3 - b. Give g(o).
6
Let i(a) be the third derivative of a**7/5040 + a**6/144 + 13*a**5/60 - 30*a**2. Let q(l) be the third derivative of i(l). Determine q(0).
5
Let q(l) = -2*l**3 + 5*l**2 - 6*l + 3. Let a(h) = -3*h**3 + 4*h**2 - 10*h + 2. Let u(o) = 3*a(o) - 4*q(o). Calculate u(-7).
-13
Let w(t) = t**3 + 6*t**2 + 7*t + 6. Let i be w(-5). Let a be (6/4)/(i/(-8)). Let m(b) = -b - 2 + 4*b**a - b**2 + 1 + 7*b**3. Calculate m(-1).
-12
Let o(r) = 2*r - 6. Let t(c) = -5*c + 17. Let l(f) = -8*o(f) - 3*t(f). Let k(w) = -w - 2. Let n be k(-13). Let a = n + -11. Give l(a).
-3
Let s be -1 + -1 + 1 + -5. Let t be (-20)/10*2*-1. Let b(z) = -552*z - 5 + 553*z + t. What is b(s)?
-7
Let m = -55 - -68. Let d(j) = -m + 4 + 16*j - 15*j. Determine d(9).
0
Let l(a) = -3*a + 40. Let q be l(13). Let d(p) = 10*p. What is d(q)?
10
Let r(y) = y**2 + 2*y - 3. Let s be (-340)/(-14) - (-8)/(-28). Let x be ((-6)/4)/((-4)/s). Let h = x + -13. What is r(h)?
5
Suppose -c - 2*u + 3 = 0, c = 6*c + 2*u - 23. Let v(p) = -p**3 + 4*p**2 + 7*p - 1. Let r be v(c). Let z(l) = -l + r*l + 2*l. Determine z(-1).
-10
Let j = -161 + 163. Let v(b) be the second derivative of 3*b + 1/2*b**2 + 0 + 1/2*